 13
Let w = 18674 - 6920. List the prime factors of w.
2, 3, 653
Let g = 520 + -512. Let x = 2 - 0. List the prime factors of (x/g - (-9636)/48) + 4.
5, 41
Let d = 68 + -76. Let f be d/(-40) - (-38)/10. Suppose 5*y - 672 = 2*w, -3*y = -f*y + 3*w + 137. What are the prime factors of y?
2, 67
Suppose 10009 + 64 = 23*s - 8373. What are the prime factors of s?
2, 401
Let o = 24 + -22. Let u(w) = -1 + 7*w**o + w**2 - 8*w - 33*w**3 + 34*w**3 - 4. What are the prime factors of u(-7)?
2, 5
List the prime factors of -1 + 4/3 - 163050/(-9).
3, 11, 61
Let j(h) = -16*h**2 + 8*h - 150. Let q be j(14). Let c = -2138 - q. What are the prime factors of c?
2, 7, 37
Let g(f) = -5*f - 4. Let v be g(-6). Suppose v*n = 2511 + 3729. What are the prime factors of n?
2, 3, 5
Suppose -166 = -6*t + 44. Suppose t*c = 31*c + 16. List the prime factors of c.
2
Let w be 10/10 - (-1 - 53). Let m = 55 - w. Suppose m = -3*q + q + 12. List the prime factors of q.
2, 3
What are the prime factors of 66460/7*(-8)/(56/(-49))?
2, 5, 3323
Suppose -7 = -3*k - 2*x, -3*k + 0*x = -x + 8. Let q(m) = -106*m - 6. What are the prime factors of q(k)?
2, 5
Suppose -j + 29 = a, j - 3*j = -a + 29. Suppose 5*g = 749 - a. List the prime factors of g.
2, 3
Suppose 0 = -u - 5*y + 24, 4*u - 9*y = -14*y + 36. Suppose 0*p = -5*p. Suppose -5*s - 301 = -2*v - 2*v, p = u*v + s - 271. List the prime factors of v.
3, 23
Suppose -6090 = -4*k + 4*c + 2514, -3*k = 4*c - 6467. What are the prime factors of k?
2153
Suppose -3*x = -3*p - 136953, -91274 = -61*x + 59*x - 2*p. List the prime factors of x.
2, 11411
Suppose 438*m = -382*m + 872*m - 4738656. What are the prime factors of m?
2, 3, 3797
Let s = 3 + 42. Suppose 3*x + s = 189. List the prime factors of 1/(((-4)/x)/(30/(-8))).
3, 5
Let z be 0/5 - (-435 - 0). Suppose 3*o - z = -51. Suppose -2*q = -254 - o. What are the prime factors of q?
191
Suppose 0*f = 2*f - q - 2139, 2*q = 2*f - 2134. Suppose -24*j + 5336 + f = 0. List the prime factors of j.
3, 89
List the prime factors of 8 + -6 - -8973 - 5/(-5)*-4.
8971
Let x = -520 - -372. Let z = 273 + x. What are the prime factors of z?
5
Let c be 153/12 + (-1)/(-4). Let a = c - 9. List the prime factors of 0 - (-41 + (6 - a)).
3, 13
Let f be (-5 + 291/15)/(3/10). Let c be 56*f/((-30)/(-5)). Suppose -5*j = -c - 652. List the prime factors of j.
2, 5, 11
Let o = 189 + -187. What are the prime factors of o/6 + 28/48*596?
2, 3, 29
Let q be 81/(-9) + (6 - -3). Suppose q = 4*n + d + 15 - 1639, 0 = 4*n + 3*d - 1616. What are the prime factors of n?
11, 37
Suppose 0 = 2*d - k - 25, -93 = -4*d - 3*k - 28. Suppose -6*u = -d*u - 16. What are the prime factors of 158 - -6*u/(-3)?
2, 3
Let k = 54 - -327. Suppose 4*c - 135 = k. Suppose 5*n + s - c = 137, 0 = 2*s - 2. What are the prime factors of n?
53
Let d be ((-460)/30 + 15)/((-1)/2766). Let h(l) = l**2 - 2*l - 3. Let s be h(-2). Suppose s*b + 242 = d. List the prime factors of b.
2, 17
Let g be 286/77 - 6/(-21). Suppose g*x - k - 1036 = 1091, -4*x + 2142 = 2*k. List the prime factors of x.
13, 41
Suppose -3*h + 13*a = 9*a - 167, 3*h - 169 = 2*a. Let n(d) = d**2 + 2*d + 7. Let o be n(-5). Suppose -19*s = -o*s + h. List the prime factors of s.
19
Suppose -216 = -18*g - 36. Suppose 12*q - 2664 = g*q. List the prime factors of q.
2, 3, 37
Suppose 3199 - 989 = -13*f. Let g = 54 - f. List the prime factors of g.
2, 7
Let l be (-11191)/(-2) + 2 - 29/58. Suppose -5*u + 3779 = 3*t, -1803 = 3*t + 2*u - l. List the prime factors of t.
2, 317
Suppose -5*m = -5*j + 20, -3*m - 24 = -4*j - 7*m. Suppose 4*v - 321 = -j*y, -4*y = v - 3*y - 80. List the prime factors of v.
79
Let t(y) = -y + 1. Let r(g) = -4*g + 2. Let f(w) = r(w) - 10*t(w). Let v be f(6). Suppose p - v = -6*p. What are the prime factors of p?
2
What are the prime factors of (-11)/(-3) + (-17524179)/(-1107)?
2, 3, 7, 13, 29
Let y(u) = 2*u**2 - 30. Let z(l) = l**2 - 5*l - 7. Let r be z(8). List the prime factors of y(r).
2, 137
Suppose -3*o = -5*y - 0*y - 34, 4 = 3*o + y. Suppose 0 = o*z + u - 15, -5*z - 4*u = -6*u - 25. Suppose -136 = -z*g + 74. List the prime factors of g.
2, 3, 7
Let n = -3288 + 7336. List the prime factors of n.
2, 11, 23
Let w = -45 + 52. Let f = 45 - w. Suppose 0 = -0*q + q - 5*y - f, -3*y = 4*q - 244. What are the prime factors of q?
2, 29
List the prime factors of (5328/(-740))/(3 - 87939/29310).
2, 3, 977
Let k(y) = 9*y - 4. Let u be k(1). Suppose -i = -u, 4*r - r = -i + 791. What are the prime factors of r?
2, 131
Let x = 6445 + 4587. What are the prime factors of x?
2, 7, 197
Let m(z) = -z**2 - 2. Let x be m(9). Let s = 92 + x. Suppose -14*h + 145 = -s*h. What are the prime factors of h?
29
Suppose -20*i + 17*i = -18. Suppose i*d = 445 + 1085. What are the prime factors of d?
3, 5, 17
Let n = 15069 + -9377. What are the prime factors of n?
2, 1423
Suppose 0 = -6*r + 132 + 30. What are the prime factors of 848 + r - 3/1?
2, 109
Let l(w) = 75*w**2 - 13*w + 387. What are the prime factors of l(11)?
9319
Let x(j) = 4*j + 52. Let z be x(-16). List the prime factors of -1 - (2210/z - 33/(-198)).
3, 61
Suppose s - 19*k + 22*k = 80, -80 = -s + 3*k. Suppose -1288 = 76*c - s*c. List the prime factors of c.
2, 7, 23
Let k(r) = 121*r**2 - 79*r + 367. List the prime factors of k(5).
3, 37
Let i be 8028/34 + 216/(-1836). Suppose 5*v - 2*v = 0. Suppose -b - w + 240 = v, -b - 2*w + i = -5*w. List the prime factors of b.
239
Let s(d) = -d**3 - 5*d**2 - 4*d + 4. Let j = -70 + 66. Let g be s(j). Suppose g*f - 50 - 50 = -4*w, 5 = f. List the prime factors of w.
2, 5
Let q(b) = b**3 + 45*b**2 + 189*b + 102. List the prime factors of q(-38).
2, 757
Let p(j) = -39*j**2 + 5 + 40*j**2 - 4*j + 61. List the prime factors of p(-17).
3, 47
Let d = 156 + -152. Suppose -9*a = -d*a + 5*o - 1180, 0 = 2*a - 4*o - 478. List the prime factors of a.
3, 79
Let f = 84730 + -50800. What are the prime factors of f?
2, 3, 5, 13, 29
Suppose 6 = -22*m + 20*m, -b = -3*m - 4625. Suppose 3079 = 2*d - 3*z, -b = -3*d + 4*z - 0*z. List the prime factors of d.
2, 383
Let n(o) = -445*o**3 + 2*o**2 + 2*o - 1. Let u(m) = -m**2 - m + 19. Let x be u(-5). List the prime factors of n(x).
2, 3, 37
Let k(s) = 999*s**3 - 2*s**2 + 3*s. Suppose -5*w - x + 6 = 0, -3*w + 3*x - 7 = -7*w. List the prime factors of k(w).
2, 5
Suppose -73456 = -13*r + 18558. List the prime factors of r.
2, 3539
Let z(p) = 3*p + 77. Let r be z(-21). List the prime factors of 3/(-6) - (4 + (-4669)/r).
7, 47
Let o(m) = m**3 + 21*m**2 - 7*m + 14. Let u be o(-17). Suppose u = 5*r - 341. What are the prime factors of r?
2, 163
Suppose 0 = -203*b + 179*b + 72024. What are the prime factors of b?
3001
Suppose -233 - 118 = -27*p. Suppose p*s + 3762 = 24*s. What are the prime factors of s?
2, 3, 19
Suppose 5*n = 4*v - 120177, -2*v - 141*n + 139*n + 60066 = 0. What are the prime factors of v?
2, 23, 653
Let r be -7 + 3 - -5 - (572 - 0). Let f = -71 - r. What are the prime factors of f?
2, 5
Let c = -151 - -100. Let v = 52 + c. List the prime factors of 1*74/v - 1.
73
Suppose -p = 3*g - 4*p - 1143, 5*g = -p + 1893. Let a = -265 + g. Suppose a = 6*t - 5*t. What are the prime factors of t?
2, 3, 19
Suppose 0 = 2*w - 4*z, -w - 3*z + 0*z + 5 = 0. Suppose -4*b = 2*x - 1270, 4*b - 1272 = -2*x + w*b. List the prime factors of x.
7, 13
Let y = -5 + 8. Suppose y*u = 4*u - 2. Suppose 5*s - 105 = -5*r, u*s + 90 = 4*r - 0*s. List the prime factors of r.
2, 11
Let b = -546 + 541. Let r(p) = -198*p - 153. What are the prime factors of r(b)?
3, 31
Let q = 26 - 23. Let k be (-8)/q + (-28)/(-42). What are the prime factors of -6*(k - (-32)/(-6))?
2, 11
Suppose -2*a = -x + 3, 3*a - 2*a - 9 = -x. Suppose x*u = 2034 + 5323. What are the prime factors of u?
1051
Suppose -8*z = 24*z - 9*z - 25829. List the prime factors of z.
1123
Let f(y) = -27*y**3 + 5*y**2 - 1. Let u(r) = r**3 + 3*r**2 + 3*r + 7. Let x be u(-3). List the prime factors of f(x).
5, 47
List the prime factors of (-2904)/1815 + 651576/10.
2, 7, 13, 179
Let h be -563*(-5)/30 + (-3)/(-18). Let k = h - -298. What are the prime factors of k?
2, 7
Let a = -126 - -139. Suppose -3*o - 2*u = -a, 0 = -2*o + 5*u - 2 + 17. Suppose -7*f + o*f + 429 = w, -5*w - 1080 = -5*f. List the prime factors of f.
5, 43
Let g = 1003 + -707. Let u(k) = -k**2 - 15*k + 196